mmon factor of 9 and 423?
9
Calculate the greatest common factor of 30 and 110.
10
Calculate the greatest common factor of 66 and 704.
22
What is the highest common divisor of 184 and 161?
23
What is the highest common factor of 1576 and 104?
8
Calculate the highest common divisor of 5 and 35.
5
What is the highest common divisor of 184 and 69?
23
Calculate the highest common factor of 225 and 2535.
15
Calculate the highest common factor of 474 and 12008.
158
What is the greatest common divisor of 49 and 13?
1
Calculate the highest common divisor of 8835 and 2280.
285
What is the highest common divisor of 17004 and 780?
156
What is the greatest common factor of 338 and 78?
26
Calculate the highest common divisor of 17 and 16609.
17
Calculate the greatest common divisor of 133 and 76.
19
Calculate the highest common divisor of 657 and 365.
73
Calculate the greatest common divisor of 68 and 128.
4
Calculate the highest common factor of 77 and 1771.
77
Calculate the highest common divisor of 30 and 330.
30
Calculate the greatest common divisor of 39 and 6357.
39
What is the greatest common divisor of 84 and 448?
28
Calculate the greatest common divisor of 12340 and 40.
20
What is the highest common divisor of 285 and 10?
5
What is the greatest common divisor of 904 and 32?
8
Calculate the highest common factor of 13 and 65.
13
Calculate the highest common factor of 3534 and 76.
38
Calculate the highest common factor of 3350 and 50.
50
What is the greatest common divisor of 7194 and 132?
66
Calculate the highest common divisor of 33 and 231.
33
What is the greatest common divisor of 720 and 64?
16
Calculate the highest common factor of 76 and 114.
38
What is the highest common factor of 121 and 1?
1
What is the highest common factor of 83 and 747?
83
Calculate the highest common divisor of 324 and 378.
54
Calculate the greatest common factor of 56 and 24.
8
Calculate the greatest common divisor of 768 and 1824.
96
What is the greatest common divisor of 407 and 11?
11
Calculate the greatest common factor of 2832 and 624.
48
What is the greatest common factor of 6644 and 453?
151
What is the greatest common factor of 549 and 63?
9
What is the greatest common factor of 6 and 2174?
2
What is the highest common factor of 40 and 1528?
8
Calculate the greatest common divisor of 8 and 36.
4
What is the highest common factor of 1952 and 224?
32
Calculate the highest common factor of 3 and 576.
3
Calculate the greatest common divisor of 645 and 25.
5
What is the greatest common divisor of 15 and 1605?
15
Calculate the highest common factor of 18 and 7284.
6
Calculate the greatest common factor of 1050 and 12.
6
What is the highest common divisor of 31 and 1457?
31
What is the greatest common divisor of 160 and 30?
10
Calculate the highest common factor of 20 and 3170.
10
Calculate the greatest common divisor of 1984 and 31.
31
What is the greatest common factor of 78 and 26?
26
Calculate the highest common divisor of 378 and 12.
6
Calculate the greatest common factor of 544 and 96.
32
What is the highest common factor of 26 and 2600?
26
Calculate the highest common divisor of 213 and 1065.
213
What is the greatest common factor of 120 and 90?
30
What is the greatest common factor of 72 and 1161?
9
Calculate the greatest common divisor of 50 and 30.
10
Calculate the greatest common factor of 4524 and 8352.
348
What is the highest common divisor of 42 and 651?
21
What is the greatest common divisor of 32 and 64?
32
Calculate the greatest common factor of 1269 and 235.
47
What is the highest common divisor of 11074 and 490?
98
Calculate the greatest common divisor of 36 and 444.
12
Calculate the highest common divisor of 144 and 10.
2
Calculate the highest common divisor of 1664 and 130.
26
Calculate the greatest common divisor of 27 and 12.
3
What is the greatest common factor of 343 and 7?
7
Calculate the highest common divisor of 135 and 864.
27
What is the greatest common divisor of 124 and 6386?
62
Calculate the greatest common divisor of 12 and 908.
4
What is the highest common factor of 128 and 24?
8
What is the greatest common factor of 140 and 6580?
140
Calculate the greatest common divisor of 133 and 2641.
19
What is the highest common divisor of 429 and 143?
143
Calculate the highest common factor of 448 and 1036.
28
What is the highest common factor of 16 and 40?
8
What is the highest common factor of 198 and 44?
22
Calculate the greatest common divisor of 207 and 161.
23
What is the highest common divisor of 441 and 63?
63
Calculate the greatest common factor of 185 and 111.
37
What is the highest common divisor of 378 and 10?
2
What is the greatest common factor of 15 and 3165?
15
What is the highest common divisor of 105 and 165?
15
Calculate the highest common divisor of 918 and 17.
17
What is the greatest common divisor of 126 and 162?
18
What is the highest common divisor of 36 and 441?
9
Calculate the highest common factor of 27 and 4266.
27
What is the highest common divisor of 1065 and 255?
15
What is the greatest common factor of 700 and 3640?
140
Calculate the highest common factor of 264 and 13032.
24
What is the greatest common divisor of 540 and 3540?
60
What is the greatest common divisor of 500 and 540?
20
Calculate the greatest common divisor of 162 and 16362.
162
What is the highest common divisor of 416 and 1079?
13
What is the greatest common factor of 2072 and 56?
56
Calculate the greatest common divisor of 300 and 7300.
100
What is the highest common divisor of 2710 and 30?
10
What is the greatest common divisor of 60 and 1470?
30
Calculate the greatest common factor of 144 and 891.
9
What is the greatest common factor of 3515 and 10?
5
What is the highest common divisor of 13328 and 64?
16
What is the highest common factor of 51 and 136?
17
Calculate the highest common divisor of 217 and 63.
7
What is the highest common divisor of 595 and 85?
85
What is the greatest common factor of 9 and 22896?
9
What is the highest common divisor of 132 and 13662?
66
What is the greatest common divisor of 400 and 416?
16
Calculate the greatest common divisor of 781 and 1.
1
What is the greatest common divisor of 3 and 57?
3
Calculate the highest common divisor of 63 and 567.
63
Calculate the greatest common factor of 27 and 27.
27
What is the greatest common factor of 159 and 583?
53
Calculate the greatest common factor of 26 and 5109.
13
Calculate the highest common factor of 48 and 6828.
12
What is the highest common divisor of 10927 and 669?
223
What is the highest common divisor of 616 and 112?
56
What is the highest common factor of 352 and 32?
32
Calculate the greatest common factor of 189 and 1575.
63
Calculate the greatest common divisor of 360 and 1944.
72
What is the greatest common factor of 4689 and 9?
9
What is the greatest common divisor of 292 and 6497?
73
Calculate the highest common divisor of 1232 and 4048.
176
What is the greatest common divisor of 45 and 615?
15
What is the highest common divisor of 346 and 2595?
173
Calculate the greatest common factor of 7848 and 648.
72
Calculate the highest common divisor of 9 and 18.
9
Calculate the greatest common factor of 4251 and 507.
39
Calculate the greatest common divisor of 22 and 6611.
11
What is the greatest common divisor of 533 and 26?
13
Calculate the greatest common divisor of 18 and 1143.
9
Calculate the highest common factor of 60 and 324.
12
Calculate the greatest common factor of 3 and 57.
3
What is the highest common factor of 820 and 20?
20
What is the greatest common divisor of 1100 and 88?
44
Calculate the highest common divisor of 801 and 1.
1
What is the greatest common divisor of 256 and 576?
64
Calculate the highest common factor of 272 and 944.
16
Calculate the highest common factor of 60 and 228.
12
Calculate the highest common factor of 512 and 320.
64
What is the highest common factor of 754 and 29?
29
Calculate the highest common factor of 145 and 29.
29
Calculate the greatest common factor of 224 and 280.
56
What is the highest common divisor of 29 and 29?
29
What is the greatest common factor of 325 and 350?
25
What is the highest common divisor of 168 and 4179?
21
Calculate the greatest common factor of 48 and 116.
4
What is the highest common 